{"id":380,"date":"2022-07-07T14:38:37","date_gmt":"2022-07-07T14:38:37","guid":{"rendered":"https:\/\/semillerosroa.es\/?page_id=380"},"modified":"2022-07-07T15:10:16","modified_gmt":"2022-07-07T15:10:16","slug":"blog-recursos","status":"publish","type":"page","link":"https:\/\/semillerosroa.es\/?page_id=380","title":{"rendered":"Blog &#8211; Recursos"},"content":{"rendered":"\n<div class=\"wp-container-1 wp-block-group\"><div class=\"wp-block-group__inner-container\"><ul class=\"wp-block-latest-posts__list aligncenter wp-block-latest-posts\"><li><a class=\"wp-block-latest-posts__post-title\" href=\"https:\/\/semillerosroa.es\/?p=1\">\u00bfQu\u00e9 Planto, Cu\u00e1ndo&#8230; y junto a Qu\u00e9 Plantas Vecinas?<\/a><\/li>\n<\/ul><\/div><\/div>\n","protected":false},"excerpt":{"rendered":"","protected":false},"author":1,"featured_media":0,"parent":0,"menu_order":0,"comment_status":"closed","ping_status":"closed","template":"","meta":{"om_disable_all_campaigns":false,"_monsterinsights_skip_tracking":false,"_monsterinsights_sitenote_active":false,"_monsterinsights_sitenote_note":"","_monsterinsights_sitenote_category":0},"aioseo_notices":[],"featured_media_urls":[],"_links":{"self":[{"href":"https:\/\/semillerosroa.es\/index.php?rest_route=\/wp\/v2\/pages\/380"}],"collection":[{"href":"https:\/\/semillerosroa.es\/index.php?rest_route=\/wp\/v2\/pages"}],"about":[{"href":"https:\/\/semillerosroa.es\/index.php?rest_route=\/wp\/v2\/types\/page"}],"author":[{"embeddable":true,"href":"https:\/\/semillerosroa.es\/index.php?rest_route=\/wp\/v2\/users\/1"}],"replies":[{"embeddable":true,"href":"https:\/\/semillerosroa.es\/index.php?rest_route=%2Fwp%2Fv2%2Fcomments&post=380"}],"version-history":[{"count":2,"href":"https:\/\/semillerosroa.es\/index.php?rest_route=\/wp\/v2\/pages\/380\/revisions"}],"predecessor-version":[{"id":385,"href":"https:\/\/semillerosroa.es\/index.php?rest_route=\/wp\/v2\/pages\/380\/revisions\/385"}],"wp:attachment":[{"href":"https:\/\/semillerosroa.es\/index.php?rest_route=%2Fwp%2Fv2%2Fmedia&parent=380"}],"curies":[{"name":"wp","href":"https:\/\/api.w.org\/{rel}","templated":true}]}}