{"id":11,"date":"2021-05-13T05:31:27","date_gmt":"2021-05-13T05:31:27","guid":{"rendered":"http:\/\/semillerosroa.es\/?page_id=11"},"modified":"2022-07-07T12:11:27","modified_gmt":"2022-07-07T12:11:27","slug":"about","status":"publish","type":"page","link":"https:\/\/semillerosroa.es\/?page_id=11","title":{"rendered":"Sobre nosotros"},"content":{"rendered":"\n<div class=\"wp-container-4 wp-block-group alignfull has-ast-global-color-5-background-color has-background\"><div class=\"wp-block-group__inner-container\"><div class=\"wp-block-image\">\n<figure class=\"aligncenter size-full\"><img loading=\"lazy\" width=\"778\" height=\"538\" src=\"http:\/\/semillerosroa.es\/wp-content\/uploads\/2022\/07\/Screenshot-2022-07-07-053906.png\" alt=\"\" class=\"wp-image-272\" srcset=\"https:\/\/semillerosroa.es\/wp-content\/uploads\/2022\/07\/Screenshot-2022-07-07-053906.png 778w, https:\/\/semillerosroa.es\/wp-content\/uploads\/2022\/07\/Screenshot-2022-07-07-053906-300x207.png 300w, https:\/\/semillerosroa.es\/wp-content\/uploads\/2022\/07\/Screenshot-2022-07-07-053906-768x531.png 768w\" sizes=\"(max-width: 778px) 100vw, 778px\" \/><figcaption>Semilleros Ra\u00fal Garc\u00eda Calvo &#8211; Qui\u00e9n Somos: Ra\u00fal y Mar\u00eda<\/figcaption><\/figure><\/div>\n\n\n<div class=\"wp-container-3 wp-block-columns alignwide\">\n<div class=\"wp-container-1 wp-block-column\" style=\"flex-basis:66.66%\">\n<h3>Qui\u00e9n Somos<\/h3>\n\n\n\n<p class=\"has-text-align-left\">Semilleros Ra\u00fal Garc\u00eda Calvo es una empresa familiar que lleva cultivando planta y producto hort\u00edcola en Roa de Duero, Burgos, desde hace 100 a\u00f1os. Vendemos en mercados locales como Aranda de Duero, San Est\u00e9ban de Gormaz, Roa, Lerma, Pe\u00f1afiel, Cantalejo o el Burgo de Osma. <\/p>\n\n\n\n<p class=\"has-text-align-left\">Nos hemos especializado en escoger y cultivar las mejores semillas para permitir al peque\u00f1o agricultor local obtener buenos productos propios cuando adquieren nuestro plant\u00f3n (nuestra principal actividad de Abril a Junio) y por supuesto, cultivamos tambi\u00e9n nosotros esa planta para poder ofreceros los mejores tomates, pimientos y otros productos hort\u00edcolas en los mercados de verano y oto\u00f1o.<\/p>\n<\/div>\n\n\n\n<div class=\"wp-container-2 wp-block-column\" style=\"flex-basis:33.33%\">\n<h3>Qu\u00e9 Ofrecemos<\/h3>\n\n\n\n<ul><li>Gran variedad de plant\u00f3n (en temporada) &#8211; MERCADOS<\/li><li>Gran variedad de producto de la huerta (seg\u00fan temporada) &#8211; MERCADOS<\/li><li>Asesoramiento hort\u00edcola (contacta con nosotros)<\/li><li>Semillas (consultar)<\/li><li>Gandes cantidades y grupos de consumo (consultar).<\/li><\/ul>\n<\/div>\n<\/div>\n<\/div><\/div>\n\n\n\n<div class=\"wp-container-9 wp-block-group alignfull has-ast-global-color-5-background-color has-background\"><div class=\"wp-block-group__inner-container\">\n<h2 class=\"has-text-align-center\">Nuestra Historia<\/h2>\n\n\n\n<div class=\"wp-container-6 wp-block-columns alignwide are-vertically-aligned-top\">\n<div class=\"wp-container-5 wp-block-column is-vertically-aligned-top\">\n<p class=\"has-text-align-center\">Los comienzos de nuestra actividad se remontan a hace un siglo. Hacia 1925, la abuela paterna de Ra\u00fal comenz\u00f3 a vender zanahorias moradas en la puerta de la iglesia de Roa a la salida de misa los domingos a modo de dulce para los ni\u00f1os (las zanahorias moradas son las m\u00e1s dulces!). Estaban muy ricas y le preguntaban por otras verduras, con lo que no tard\u00f3 mucho en criar otros productos de la huerta y llevarlas en una cesta vendiendo de casa en casa.<\/p>\n\n\n\n<p class=\"has-text-align-center\">Su hijo Luis tom\u00f3 el relevo de las plantaciones, pasando a vender por otros pueblos de la zona con su bicicleta. Consigui\u00f3 cambiar la bici por una moto, y finalmente compr\u00f3 la primera furgoneta que hubo en el pueblo para poder llevar todo el g\u00e9nero demandado en los mercados locales.<\/p>\n\n\n\n<p class=\"has-text-align-center\">Ya a finales del siglo pasado, los hijos de Luis, los hermanos Garc\u00eda Calvo, gestionaban los invernaderos, modernizando tambi\u00e9n las instalaciones, mimando el producto y estudiando las plantas, variedades, y todas las opciones que mejor se daban en nuestras tierras castellanas. Gracias a la calidad que ofrecemos y la demanda que tenemos, hemos ido ampliando los mercados en los que estamos presentes. Llegamos actualmente a gran cantidad de pueblos de la Ribera del Duero, con los mercados de Roa, Pe\u00f1afiel, Aranda, el Burgo de Osma y San Est\u00e9ban de Gormaz. Tambi\u00e9n a Segovia, con el mercado de Cantalejo, y los mi\u00e9rcoles nos acercamos a Lerma para aquellos que se acercan desde el centro y oeste de nuestra ribera.<\/p>\n\n\n\n<p class=\"has-text-align-center\">El tiempo pasa para todos, y actualmente, bajo la denominaci\u00f3n de Semilleros Ra\u00fal Garc\u00eda Calvo, la gesti\u00f3n la realizo yo, Ra\u00fal, y mi mujer, Mar\u00eda. Es un negocio familiar llevado con gran dedicaci\u00f3n y tiempo.<\/p>\n\n\n\n<p class=\"has-text-align-center\">Sabemos que la presencia hoy en d\u00eda en Internet es importante, y tambi\u00e9n estamos orgullosos de disponer ahora de un sitio d\u00f3nde mostrar algunos de nuestros productos hort\u00edcolas. Pero os pedimos paciencia, pues el tiempo que tenemos que dedicar a las plantas y mercados no nos deja demasiado para atender el mundo digital.<\/p>\n\n\n\n<p><\/p>\n\n\n\n<p class=\"has-text-align-center\">Gracias de antemano a todos aquellos que conf\u00edan en nosotros.<\/p>\n\n\n<div class=\"wp-block-image is-style-rounded\">\n<figure class=\"aligncenter size-full is-resized\"><img loading=\"lazy\" src=\"https:\/\/semillerosroa.es\/wp-content\/uploads\/2022\/07\/Screenshot-2022-07-07-053943-1.png\" alt=\"\" class=\"wp-image-275\" width=\"-222\" height=\"-167\" srcset=\"https:\/\/semillerosroa.es\/wp-content\/uploads\/2022\/07\/Screenshot-2022-07-07-053943-1.png 399w, https:\/\/semillerosroa.es\/wp-content\/uploads\/2022\/07\/Screenshot-2022-07-07-053943-1-300x226.png 300w\" sizes=\"(max-width: 399px) 100vw, 399px\" \/><\/figure><\/div>\n\n\n<p class=\"has-text-align-center\">Ra\u00fal y Mar\u00eda<\/p>\n<\/div>\n<\/div>\n\n\n\n<div class=\"wp-container-8 wp-block-columns alignwide\">\n<div class=\"wp-container-7 wp-block-column\"><\/div>\n<\/div>\n<\/div><\/div>\n\n\n\n<div class=\"wp-block-cover alignfull is-light\" style=\"min-height:200px\"><span aria-hidden=\"true\" class=\"wp-block-cover__background has-ast-global-color-0-background-color has-background-dim-100 has-background-dim\"><\/span><div class=\"wp-block-cover__inner-container\">\n<div class=\"wp-block-media-text is-stacked-on-mobile is-vertically-aligned-center\"><figure class=\"wp-block-media-text__media\"><img loading=\"lazy\" width=\"1024\" height=\"931\" src=\"https:\/\/semillerosroa.es\/wp-content\/uploads\/2022\/07\/IMG-20220706-WA0008-1-1024x931.jpg\" alt=\"\" class=\"wp-image-276 size-full\" srcset=\"https:\/\/semillerosroa.es\/wp-content\/uploads\/2022\/07\/IMG-20220706-WA0008-1-1024x931.jpg 1024w, https:\/\/semillerosroa.es\/wp-content\/uploads\/2022\/07\/IMG-20220706-WA0008-1-300x273.jpg 300w, https:\/\/semillerosroa.es\/wp-content\/uploads\/2022\/07\/IMG-20220706-WA0008-1-768x699.jpg 768w, https:\/\/semillerosroa.es\/wp-content\/uploads\/2022\/07\/IMG-20220706-WA0008-1.jpg 1514w\" sizes=\"(max-width: 1024px) 100vw, 1024px\" \/><\/figure><div class=\"wp-block-media-text__content\">\n<div class=\"wp-container-10 wp-block-group\"><div class=\"wp-block-group__inner-container\">\n<h2 class=\"has-text-align-center has-cyan-bluish-gray-color has-black-background-color has-text-color has-background has-small-font-size\" style=\"font-style:normal;font-weight:400\">Si tienes cualquier duda, o quieres consultarnos algo, puedes escribirnos o llamarnos. <a href=\"https:\/\/semillerosroa.es\/?page_id=13\" title=\"Contacto\">Cont\u00e1ctanos<\/a>.<\/h2>\n<\/div><\/div>\n<\/div><\/div>\n<\/div><\/div>\n","protected":false},"excerpt":{"rendered":"<p>Qui\u00e9n Somos Semilleros Ra\u00fal Garc\u00eda Calvo es una empresa familiar que lleva cultivando planta y producto hort\u00edcola en Roa de Duero, Burgos, desde hace 100 a\u00f1os. Vendemos en mercados locales como Aranda de Duero, San Est\u00e9ban de Gormaz, Roa, Lerma, Pe\u00f1afiel, Cantalejo o el Burgo de Osma. Nos hemos especializado en escoger y cultivar las &hellip; <\/p>\n<p class=\"link-more\"><a href=\"https:\/\/semillerosroa.es\/?page_id=11\" class=\"more-link\">Read more<span class=\"screen-reader-text\"> &#8220;Sobre nosotros&#8221;<\/span><\/a><\/p>\n","protected":false},"author":1,"featured_media":0,"parent":0,"menu_order":0,"comment_status":"closed","ping_status":"closed","template":"","meta":{"om_disable_all_campaigns":false,"_monsterinsights_skip_tracking":false,"_monsterinsights_sitenote_active":false,"_monsterinsights_sitenote_note":"","_monsterinsights_sitenote_category":0},"aioseo_notices":[],"featured_media_urls":[],"_links":{"self":[{"href":"https:\/\/semillerosroa.es\/index.php?rest_route=\/wp\/v2\/pages\/11"}],"collection":[{"href":"https:\/\/semillerosroa.es\/index.php?rest_route=\/wp\/v2\/pages"}],"about":[{"href":"https:\/\/semillerosroa.es\/index.php?rest_route=\/wp\/v2\/types\/page"}],"author":[{"embeddable":true,"href":"https:\/\/semillerosroa.es\/index.php?rest_route=\/wp\/v2\/users\/1"}],"replies":[{"embeddable":true,"href":"https:\/\/semillerosroa.es\/index.php?rest_route=%2Fwp%2Fv2%2Fcomments&post=11"}],"version-history":[{"count":10,"href":"https:\/\/semillerosroa.es\/index.php?rest_route=\/wp\/v2\/pages\/11\/revisions"}],"predecessor-version":[{"id":328,"href":"https:\/\/semillerosroa.es\/index.php?rest_route=\/wp\/v2\/pages\/11\/revisions\/328"}],"wp:attachment":[{"href":"https:\/\/semillerosroa.es\/index.php?rest_route=%2Fwp%2Fv2%2Fmedia&parent=11"}],"curies":[{"name":"wp","href":"https:\/\/api.w.org\/{rel}","templated":true}]}}

<div class="wp-container-4 wp-block-group alignfull has-ast-global-color-5-background-color has-background"><div class="wp-block-group__inner-container"><div class="wp-block-image">
<figure class="aligncenter size-full"><img loading="lazy" width="778" height="538" src="http://semillerosroa.es/wp-content/uploads/2022/07/Screenshot-2022-07-07-053906.png" alt="" class="wp-image-272" srcset="https://semillerosroa.es/wp-content/uploads/2022/07/Screenshot-2022-07-07-053906.png 778w, https://semillerosroa.es/wp-content/uploads/2022/07/Screenshot-2022-07-07-053906-300x207.png 300w, https://semillerosroa.es/wp-content/uploads/2022/07/Screenshot-2022-07-07-053906-768x531.png 768w" sizes="(max-width: 778px) 100vw, 778px" /><figcaption>Semilleros Raúl García Calvo &#8211; Quién Somos: Raúl y María</figcaption></figure></div>


<div class="wp-container-3 wp-block-columns alignwide">
<div class="wp-container-1 wp-block-column" style="flex-basis:66.66%">
<h3>Quién Somos</h3>



<p class="has-text-align-left">Semilleros Raúl García Calvo es una empresa familiar que lleva cultivando planta y producto hortícola en Roa de Duero, Burgos, desde hace 100 años. Vendemos en mercados locales como Aranda de Duero, San Estéban de Gormaz, Roa, Lerma, Peñafiel, Cantalejo o el Burgo de Osma. </p>



<p class="has-text-align-left">Nos hemos especializado en escoger y cultivar las mejores semillas para permitir al pequeño agricultor local obtener buenos productos propios cuando adquieren nuestro plantón (nuestra principal actividad de Abril a Junio) y por supuesto, cultivamos también nosotros esa planta para poder ofreceros los mejores tomates, pimientos y otros productos hortícolas en los mercados de verano y otoño.</p>
</div>



<div class="wp-container-2 wp-block-column" style="flex-basis:33.33%">
<h3>Qué Ofrecemos</h3>



<ul><li>Gran variedad de plantón (en temporada) &#8211; MERCADOS</li><li>Gran variedad de producto de la huerta (según temporada) &#8211; MERCADOS</li><li>Asesoramiento hortícola (contacta con nosotros)</li><li>Semillas (consultar)</li><li>Gandes cantidades y grupos de consumo (consultar).</li></ul>
</div>
</div>
</div></div>



<div class="wp-container-9 wp-block-group alignfull has-ast-global-color-5-background-color has-background"><div class="wp-block-group__inner-container">
<h2 class="has-text-align-center">Nuestra Historia</h2>



<div class="wp-container-6 wp-block-columns alignwide are-vertically-aligned-top">
<div class="wp-container-5 wp-block-column is-vertically-aligned-top">
<p class="has-text-align-center">Los comienzos de nuestra actividad se remontan a hace un siglo. Hacia 1925, la abuela paterna de Raúl comenzó a vender zanahorias moradas en la puerta de la iglesia de Roa a la salida de misa los domingos a modo de dulce para los niños (las zanahorias moradas son las más dulces!). Estaban muy ricas y le preguntaban por otras verduras, con lo que no tardó mucho en criar otros productos de la huerta y llevarlas en una cesta vendiendo de casa en casa.</p>



<p class="has-text-align-center">Su hijo Luis tomó el relevo de las plantaciones, pasando a vender por otros pueblos de la zona con su bicicleta. Consiguió cambiar la bici por una moto, y finalmente compró la primera furgoneta que hubo en el pueblo para poder llevar todo el género demandado en los mercados locales.</p>



<p class="has-text-align-center">Ya a finales del siglo pasado, los hijos de Luis, los hermanos García Calvo, gestionaban los invernaderos, modernizando también las instalaciones, mimando el producto y estudiando las plantas, variedades, y todas las opciones que mejor se daban en nuestras tierras castellanas. Gracias a la calidad que ofrecemos y la demanda que tenemos, hemos ido ampliando los mercados en los que estamos presentes. Llegamos actualmente a gran cantidad de pueblos de la Ribera del Duero, con los mercados de Roa, Peñafiel, Aranda, el Burgo de Osma y San Estéban de Gormaz. También a Segovia, con el mercado de Cantalejo, y los miércoles nos acercamos a Lerma para aquellos que se acercan desde el centro y oeste de nuestra ribera.</p>



<p class="has-text-align-center">El tiempo pasa para todos, y actualmente, bajo la denominación de Semilleros Raúl García Calvo, la gestión la realizo yo, Raúl, y mi mujer, María. Es un negocio familiar llevado con gran dedicación y tiempo.</p>



<p class="has-text-align-center">Sabemos que la presencia hoy en día en Internet es importante, y también estamos orgullosos de disponer ahora de un sitio dónde mostrar algunos de nuestros productos hortícolas. Pero os pedimos paciencia, pues el tiempo que tenemos que dedicar a las plantas y mercados no nos deja demasiado para atender el mundo digital.</p>



<p></p>



<p class="has-text-align-center">Gracias de antemano a todos aquellos que confían en nosotros.</p>


<div class="wp-block-image is-style-rounded">
<figure class="aligncenter size-full is-resized"><img loading="lazy" src="https://semillerosroa.es/wp-content/uploads/2022/07/Screenshot-2022-07-07-053943-1.png" alt="" class="wp-image-275" width="-222" height="-167" srcset="https://semillerosroa.es/wp-content/uploads/2022/07/Screenshot-2022-07-07-053943-1.png 399w, https://semillerosroa.es/wp-content/uploads/2022/07/Screenshot-2022-07-07-053943-1-300x226.png 300w" sizes="(max-width: 399px) 100vw, 399px" /></figure></div>


<p class="has-text-align-center">Raúl y María</p>
</div>
</div>



<div class="wp-container-8 wp-block-columns alignwide">
<div class="wp-container-7 wp-block-column"></div>
</div>
</div></div>



<div class="wp-block-cover alignfull is-light" style="min-height:200px"><span aria-hidden="true" class="wp-block-cover__background has-ast-global-color-0-background-color has-background-dim-100 has-background-dim"></span><div class="wp-block-cover__inner-container">
<div class="wp-block-media-text is-stacked-on-mobile is-vertically-aligned-center"><figure class="wp-block-media-text__media"><img loading="lazy" width="1024" height="931" src="https://semillerosroa.es/wp-content/uploads/2022/07/IMG-20220706-WA0008-1-1024x931.jpg" alt="" class="wp-image-276 size-full" srcset="https://semillerosroa.es/wp-content/uploads/2022/07/IMG-20220706-WA0008-1-1024x931.jpg 1024w, https://semillerosroa.es/wp-content/uploads/2022/07/IMG-20220706-WA0008-1-300x273.jpg 300w, https://semillerosroa.es/wp-content/uploads/2022/07/IMG-20220706-WA0008-1-768x699.jpg 768w, https://semillerosroa.es/wp-content/uploads/2022/07/IMG-20220706-WA0008-1.jpg 1514w" sizes="(max-width: 1024px) 100vw, 1024px" /></figure><div class="wp-block-media-text__content">
<div class="wp-container-10 wp-block-group"><div class="wp-block-group__inner-container">
<h2 class="has-text-align-center has-cyan-bluish-gray-color has-black-background-color has-text-color has-background has-small-font-size" style="font-style:normal;font-weight:400">Si tienes cualquier duda, o quieres consultarnos algo, puedes escribirnos o llamarnos. <a href="https://semillerosroa.es/?page_id=13" title="Contacto">Contáctanos</a>.</h2>
</div></div>
</div></div>
</div></div>

<p>Quién Somos Semilleros Raúl García Calvo es una empresa familiar que lleva cultivando planta y producto hortícola en Roa de Duero, Burgos, desde hace 100 años. Vendemos en mercados locales como Aranda de Duero, San Estéban de Gormaz, Roa, Lerma, Peñafiel, Cantalejo o el Burgo de Osma. Nos hemos especializado en escoger y cultivar las &hellip; </p>
<p class="link-more"><a href="https://semillerosroa.es/?page_id=11" class="more-link">Read more<span class="screen-reader-text"> &#8220;Sobre nosotros&#8221;</span></a></p>
